{"id":2,"date":"2024-05-29T07:25:14","date_gmt":"2024-05-29T07:25:14","guid":{"rendered":"https:\/\/ontomentor.com\/?page_id=2"},"modified":"2024-10-10T12:25:57","modified_gmt":"2024-10-10T12:25:57","slug":"sample-page","status":"publish","type":"page","link":"https:\/\/ontomentor.com\/index.php\/sample-page\/","title":{"rendered":"\u0130leti\u015fim Bilgilerimiz"},"content":{"rendered":"\n<p>Kobi  Geli\u015fim Ment\u00f6r\u00fcn\u00fcz<\/p>\n\n\n\n<p>Adres: \u015eemsi Tebrizi Mah. Kurtaran Sk. No:2\/201 Karatay Konya<\/p>\n\n\n\n<p>Telefon : 90 5368500225<\/p>\n\n\n\n<p>Mail : info@ontomentor.com<\/p>\n","protected":false},"excerpt":{"rendered":"<p>Kobi Geli\u015fim Ment\u00f6r\u00fcn\u00fcz Adres: \u015eemsi Tebrizi Mah. Kurtaran Sk. No:2\/201 Karatay Konya Telefon : 90 5368500225 Mail : info@ontomentor.com<\/p>\n","protected":false},"author":1,"featured_media":0,"parent":0,"menu_order":0,"comment_status":"closed","ping_status":"open","template":"","meta":{"footnotes":""},"class_list":["post-2","page","type-page","status-publish","hentry"],"_links":{"self":[{"href":"https:\/\/ontomentor.com\/index.php\/wp-json\/wp\/v2\/pages\/2","targetHints":{"allow":["GET"]}}],"collection":[{"href":"https:\/\/ontomentor.com\/index.php\/wp-json\/wp\/v2\/pages"}],"about":[{"href":"https:\/\/ontomentor.com\/index.php\/wp-json\/wp\/v2\/types\/page"}],"author":[{"embeddable":true,"href":"https:\/\/ontomentor.com\/index.php\/wp-json\/wp\/v2\/users\/1"}],"replies":[{"embeddable":true,"href":"https:\/\/ontomentor.com\/index.php\/wp-json\/wp\/v2\/comments?post=2"}],"version-history":[{"count":2,"href":"https:\/\/ontomentor.com\/index.php\/wp-json\/wp\/v2\/pages\/2\/revisions"}],"predecessor-version":[{"id":42,"href":"https:\/\/ontomentor.com\/index.php\/wp-json\/wp\/v2\/pages\/2\/revisions\/42"}],"wp:attachment":[{"href":"https:\/\/ontomentor.com\/index.php\/wp-json\/wp\/v2\/media?parent=2"}],"curies":[{"name":"wp","href":"https:\/\/api.w.org\/{rel}","templated":true}]}}